 + b + 1. Let m be y(-4). Let a(o) = -4*o - 6. Let n be a(m). Suppose n*j + 80 = 11*j. Calculate the highest common factor of j and 8.
8
Suppose 8 = 2*v + o, 8 = 8*v - 6*v + 3*o. Calculate the greatest common factor of v and 316.
4
Suppose -5*q + 3*m = -m - 7, -4*q = 5*m - 22. Let d = q - 5. Let h = d + 12. Calculate the highest common factor of 30 and h.
10
Suppose 17*u + 35 = 5*m + 12*u, 0 = 3*m - 2*u - 24. Calculate the greatest common factor of 90 and m.
10
Suppose -5*b - p = -492, 3*b - 267*p + 271*p = 285. What is the highest common divisor of 22 and b?
11
Let t be ((-34848)/63)/(6/(-21)). Calculate the highest common factor of 16 and t.
16
Let j(f) be the first derivative of -5*f**4/4 - f**3 - 3*f**2 - 10*f - 4. Let v be j(-3). Calculate the greatest common divisor of 29 and v.
29
Let d be 3 - (4 + 21/(-9))*-3. What is the greatest common factor of d and 1?
1
Suppose -4*n - 8 - 36 = 0. Let w(s) = s**3 + 10*s**2 - 10*s + 15. Let q be w(n). What is the highest common factor of 36 and q?
4
Let a(o) = o**3 + 6*o**2 - 2*o + 6. Let n be a(-6). Let b = -13 - -12. Let w be 44/20 + b/5. What is the highest common divisor of w and n?
2
Suppose -5*h = 3*y - 478 + 106, -2*h + 147 = 3*y. What is the greatest common factor of h and 1275?
75
Suppose -24 = 2*f - 4*f. Suppose -36 + f = -2*i. Suppose 5*m + b = -b + 70, b = -4*m + 53. Calculate the highest common divisor of i and m.
12
Let j be (-10)/(-10) + (4 - -1). Suppose 0 = -5*g + 34 + j. What is the highest common divisor of g and 40?
8
Suppose -b = 2*b - 81. Suppose b = r - 54. What is the highest common factor of 9 and r?
9
Let w(n) = -7*n + 43. Let h(q) = -5*q. Let d be h(-1). Let m be w(d). Calculate the greatest common factor of 20 and m.
4
Let l be 471 + -19 - 8*-1. What is the highest common divisor of l and 20?
20
Let n be ((-9)/4)/((-1)/8). Suppose h = 475 - 313. What is the highest common divisor of h and n?
18
Let d(x) = -x**3 - 23*x**2 + 71*x - 20. Let h be d(-26). What is the highest common divisor of 252 and h?
18
Suppose -k = -2*k + 3. Let q be ((-32)/k)/((-14)/21). Suppose 4*b + 6 + 2 = g, -g + 3*b + 7 = 0. What is the greatest common factor of q and g?
4
Let o = -26 - -53. Let s = -3 + o. What is the greatest common factor of 56 and s?
8
Let d(k) = -k**3 - 2*k**2 + 10*k + 20. Let a be d(-4). Calculate the highest common factor of a and 3.
3
Let k = 210 + -126. Let w(q) = 109*q + 3 - 231*q + 117*q. Let x be w(-5). What is the greatest common divisor of k and x?
28
Let g be (3 + -282)*((-96)/(-18))/(-4). Calculate the highest common factor of 155 and g.
31
Let m be (-4)/(2 + 35/(-15)). Suppose -5*l - 2*v + m = 0, -2*v = 4*l + v - 11. What is the greatest common factor of l and 2?
2
Suppose 2*g - g = 168. Let z(k) = 8*k**2 - 4*k. Let c be z(2). What is the highest common factor of g and c?
24
Let h(n) = 15*n**3 - 4*n**2 + 3*n. Let m be h(2). Let j = -30 + 42. Let d = j - 2. What is the greatest common divisor of d and m?
10
Suppose 16 = 2*c - 2. Let u be 3 + 161 + -8 + c. Calculate the greatest common factor of u and 33.
33
Let q = -29 + 33. Suppose -x + 15 = -5*d - 11, 5*x - q*d = 109. What is the highest common divisor of 7 and x?
7
Suppose x - x = x. Suppose -4*r - 5*o + 23 = x, -2*o = -2*r - 7*o - 1. Suppose -4*g = -5*g + 3. What is the greatest common factor of r and g?
3
Suppose -2*u + 19 = u - m, -16 = -2*u + 4*m. What is the highest common divisor of u and 57?
3
Let v be 11 - 10 - (0 + -43). Suppose -b - 3*b + 49 = 3*n, 3*b - 5*n = v. Calculate the greatest common divisor of 26 and b.
13
Suppose j - 4*g - 8 = 23, -g = 4. Let a(c) = 2*c**2 - 7*c + 7. Let f be a(5). Suppose -n + 53 = -f. Calculate the greatest common factor of n and j.
15
Let o(z) = -z**3 - 3*z**2 + z + 3. Let f be o(-3). Suppose f = -0*r - 3*r + 60. What is the highest common factor of 160 and r?
20
Suppose 0 = 3*o + 5*c - 667, -o + 2*c + 227 = -c. Calculate the highest common factor of o and 128.
32
Let z be (-2 + (-3)/(-2))*-4. Suppose 4*g - 32 = -0*g. Suppose 9*j = -q + 4*j + g, 0 = z*q - 5*j - 91. Calculate the highest common factor of 22 and q.
11
Let f be 102/8*(-300)/(-45). Suppose 0 = -u - x + 31, -u + 3*x = -0*x - 43. Calculate the greatest common factor of f and u.
17
Let z be 130 + (4/1 - 0). Let l = z + -97. What is the highest common factor of l and 37?
37
Suppose 0 = 2*u - 7*u - 25. Let g be u/20 - 18/(-8). Suppose -g*f + 0*f = -34. Calculate the highest common factor of f and 85.
17
Let x(k) = 2*k. Let l be x(6). Suppose 0 = 5*u - l - 13. What is the highest common divisor of 10 and u?
5
Let u = 18 - 13. Suppose -u*p = 2*p - 259. What is the highest common factor of 296 and p?
37
Suppose 2*v + 3*v = 4*d - 61, -4*v - 20 = 0. Suppose x - 143 = -44. What is the greatest common factor of d and x?
9
Let q = -1001 - -1377. Calculate the highest common divisor of 16 and q.
8
Let w(o) = -o + 3. Let n be w(5). Let g be ((-5)/(-2) + -3)*n + 83. Calculate the greatest common factor of 12 and g.
12
Suppose 0 = 5*w + w - 4386. Calculate the highest common factor of w and 43.
43
Suppose -2*f + 312 = 2*f. What is the highest common factor of 26 and f?
26
Let k be 324/16 + 2/(-8). Let c = -16 + k. Let y(t) = t**2 - 2*t + 6. Let s be y(c). Calculate the highest common divisor of s and 14.
14
Let b be -2 + (-5 - (20/(-4) + -5)). Let t = -1 - -6. Suppose 3*r - 1314 = -t*q - 0*q, -q + b*r = -270. Calculate the highest common divisor of q and 24.
24
Suppose 4*b = 2*b + 20. Suppose 0 = -5*l + 5*i + 345, 2 = -6*i + 8*i. Calculate the highest common divisor of b and l.
10
Let b(i) = -17*i**2 - 154*i + 3. Let k be b(-9). Suppose 8 = 3*d + 2*w - 30, 49 = 4*d + w. Calculate the highest common divisor of d and k.
12
Suppose 245*c - 232*c = 3146. Calculate the highest common divisor of 44 and c.
22
Let k(v) = -v**2 + 1. Let m be k(2). Let f = 80 + m. Calculate the greatest common factor of f and 11.
11
Suppose 5 = -3*g + 59. Let p(m) = -2*m + 45. Let c be p(0). What is the highest common factor of g and c?
9
Let o = 1076 - 676. What is the highest common divisor of 80 and o?
80
Let h = 66 + -56. Suppose -25 = -v + 2*t, -5*t = v - 2*t - 50. What is the greatest common factor of v and h?
5
Let p = 202 - 199. What is the greatest common factor of p and 39?
3
Let r be (15/21 + 1)*7. Let y = 886 + -1461. Let w be 4/r + y/(-3). What is the highest common divisor of w and 24?
24
Let r(t) = -t**2 + 8*t + 4. Let y be r(7). Suppose h = -y + 12. What is the highest common divisor of h and 3?
1
Let r(l) = l**2 - l + 15. Let w be r(5). Suppose -47 = -6*s - w. Calculate the highest common factor of 2 and s.
2
Let u be (1404/182)/((-6)/(-56)). Calculate the highest common factor of u and 8.
8
Suppose 2 + 17 = 5*s - w, s + 3*w = 7. Suppose 2*v + 41 + 29 = s*f, -4*v - 60 = -3*f. What is the highest common divisor of f and 2?
2
Let z be (10*(-5)/(-25))/2. Let v be (1 - -1) + -9 + 18. What is the greatest common divisor of z and v?
1
Suppose 4 = -7*i + 32. Suppose i*z + r = 136, 3*z - r - 98 + 3 = 0. Calculate the greatest common factor of z and 6.
3
Suppose 15*y = -2*y + 408. What is the greatest common factor of 16 and y?
8
Let y be (-4 + 8)/(-1 - (-43)/41). What is the greatest common divisor of 1394 and y?
82
Let t be (31 + 0)/(9/9). Let b(p) = 92*p**2 - 5*p + 6. Let x be b(1). What is the greatest common factor of x and t?
31
Suppose -6*a + 27*a - 1092 = 0. Let g = 35 - -4. Calculate the highest common divisor of a and g.
13
Suppose 2*g - 288 = -2*g. Suppose -b - 14 + 2 = -4*v, 10 = -5*v - 5*b. Let y = 7 + v. Calculate the highest common divisor of y and g.
9
Let t be (-2)/7 + (-1845)/(-63). What is the greatest common divisor of t and 841?
29
Suppose -2*c + 26 = 24. Suppose 5*i = t + 22, i - 32 = -4*t - 3*i. Suppose 7*n - t*n + 45 = 3*m, -n = -m + 14. Calculate the highest common factor of c and m.
1
Let s(q) = -q**2 - 4*q. Let f be s(-4). Suppose f = 2*t - 12 - 24. Let h be 2/8 + (-56)/(-32). What is the highest common divisor of t and h?
2
Let i be (-2*1)/(-2) + 9. Let q be 1/(-3) - (90/450)/((-6)/190). What is the greatest common factor of i and q?
2
Suppose 3*v - 7*v + 436 = 0. Let p = v + -18. Suppose 0 = -3*h + 2*k - k + 41, -2*h + 3*k = -32. Calculate the highest common divisor of h and p.
13
Let j(d) = -d**2 + 16*d + 8. Let 